le of 72?
True
Is 3658 a multiple of 31?
True
Is 54 a factor of 2012?
False
Is 10 a factor of 70?
True
Is 71610 a multiple of 14?
True
Does 38 divide 3800?
True
Is 2 a factor of 600?
True
Is 7136 a multiple of 190?
False
Is 17 a factor of 10260?
False
Is 10269 a multiple of 9?
True
Does 15 divide 385?
False
Is 904 even?
True
Is 112 a multiple of 28?
True
Is 794 even?
True
Is 621 a multiple of 27?
True
Is 4446 a multiple of 19?
True
Is 1540 a multiple of 20?
True
Is 2 a factor of 2343?
False
Does 57 divide 14625?
False
Does 27 divide 30896?
False
Is 172 a factor of 662?
False
Is 19 a factor of 18791?
True
Does 53 divide 7829?
False
Is 1198 a multiple of 9?
False
Is 1975 a multiple of 48?
False
Does 18 divide 22716?
True
Does 44 divide 704?
True
Does 25 divide 350?
True
Does 20 divide 834?
False
Is 9339 a multiple of 119?
False
Is 5102 a multiple of 3?
False
Is 2 a factor of 70?
True
Is 62 a factor of 1426?
True
Does 36 divide 72?
True
Is 31 a factor of 15910?
False
Is 960 a multiple of 16?
True
Is 1632 a multiple of 12?
True
Is 129528 a multiple of 36?
True
Is 1008 a multiple of 26?
False
Does 55 divide 1045?
True
Does 71 divide 1488?
False
Is 10 a factor of 3550?
True
Does 15 divide 1049?
False
Is 7260 a multiple of 110?
True
Does 96 divide 2304?
True
Is 3072 a multiple of 48?
True
Does 51 divide 408?
True
Is 18 a factor of 1728?
True
Is 14 a factor of 347?
False
Is 28108 a multiple of 215?
False
Is 723 a multiple of 59?
False
Does 35 divide 9418?
False
Is 12309 a multiple of 32?
False
Is 17 a factor of 1666?
True
Is 45501 a multiple of 87?
True
Is 35 a factor of 9417?
False
Does 110 divide 1477?
False
Does 4 divide 168?
True
Does 14 divide 261?
False
Is 1266 a multiple of 80?
False
Does 17 divide 1455?
False
Is 6 a factor of 1530?
True
Is 1837 even?
False
Does 24 divide 16439?
False
Does 7 divide 16856?
True
Does 65 divide 1950?
True
Is 31139 a multiple of 8?
False
Does 51 divide 8262?
True
Does 7 divide 1092?
True
Is 29992 a multiple of 166?
False
Does 72 divide 77184?
True
Does 11 divide 794?
False
Is 11829 a multiple of 18?
False
Is 66 a factor of 2224?
False
Is 95 a factor of 760?
True
Does 47 divide 4688?
False
Is 1250 a multiple of 50?
True
Is 5148 a multiple of 33?
True
Is 7526 a multiple of 9?
False
Does 26 divide 3421?
False
Is 11 a factor of 14230?
False
Does 22 divide 132?
True
Does 7 divide 5285?
True
Is 1265 a multiple of 115?
True
Does 3 divide 23136?
True
Is 30 a multiple of 5?
True
Is 81 a factor of 91449?
True
Is 16 a factor of 1056?
True
Is 31 a factor of 6016?
False
Does 61 divide 427?
True
Does 11 divide 3611?
False
Is 30698 a multiple of 236?
False
Does 70 divide 18781?
False
Is 71 a factor of 1697?
False
Does 264 divide 23521?
False
Is 80 a factor of 2080?
True
Is 16 a factor of 2064?
True
Is 3 a factor of 12?
True
Is 20 a factor of 400?
True
Is 61 a factor of 96?
False
Is 816 a multiple of 8?
True
Does 11 divide 8690?
True
Is 48 a factor of 104016?
True
Is 91052 a multiple of 53?
False
Is 3 a factor of 16?
False
Is 13549 a multiple of 35?
False
Does 18 divide 1752?
False
Does 23 divide 30?
False
Is 28 a factor of 14715?
False
Is 7466 a multiple of 13?
False
Does 4 divide 75?
False
Is 35 a factor of 1891?
False
Is 187 even?
False
Is 8 a factor of 3277?
False
Does 152 divide 7144?
True
Is 44 a factor of 19536?
True
Is 34 a factor of 5797?
False
Does 11 divide 1840?
False
Does 154 divide 34684?
False
Is 4 a factor of 1262?
False
Is 71053 a multiple of 16?
False
Is 1098 a multiple of 61?
True
Is 175 a factor of 43865?
False
Is 96 a multiple of 12?
True
Is 34005 a multiple of 15?
True
Does 178 divide 48025?
False
Is 54 a factor of 7236?
True
Is 21 a factor of 9933?
True
Is 39 a factor of 731?
False
Does 12 divide 948?
True
Is 84 a factor of 1068?
False
Is 421 a multiple of 46?
False
Is 60 a multiple of 30?
True
Is 16709 a multiple of 77?
True
Does 7 divide 2457?
True
Is 1235 a multiple of 13?
True
Is 13 a factor of 2451?
False
Is 31 a factor of 558?
True
Is 2381 a multiple of 156?
False
Is 5124 a multiple of 61?
True
Is 24 a factor of 383?
False
Is 2 a factor of 5133?
False
Is 10 a factor of 26282?
False
Is 104 a factor of 27306?
False
Is 38 a factor of 3427?
False
Does 10 divide 1087?
False
Is 11413 a multiple of 21?
False
Is 10004 a multiple of 126?
False
Is 8 a factor of 252?
False
Is 456 a multiple of 12?
True
Does 6 divide 342?
True
Is 10317 a multiple of 63?
False
Does 43 divide 3879?
False
Does 15 divide 75?
True
Is 3064 a multiple of 8?
True
Is 22 a factor of 462?
True
Is 51 a factor of 2907?
True
Does 79 divide 3678?
False
Is 891 a multiple of 33?
True
Is 19 a factor of 2413?
True
Does 36 divide 208?
False
Is 7 a factor of 3759?
True
Does 2 divide 74?
True
Is 5670 a multiple of 21?
True
Does 61 divide 732?
True
Is 13 a factor of 1768?
True
Does 30 divide 5632?
False
Is 166 a multiple of 83?
True
Is 10 a factor of 12215?
False
Does 33 divide 1287?
True
Does 32 divide 32620?
False
Is 20531 a multiple of 3?
False
Is 105 a factor of 27090?
True
Is 10900 a multiple of 109?
True
Is 16 a factor of 3312?
True
Is 17296 a multiple of 16?
True
Is 7788 a multiple of 11?
True
Is 142 a multiple of 3?
False
Does 4 divide 48?
True
Does 47 divide 29516?
True
Is 1466 a multiple of 43?
False
Is 204 a factor of 16507?
False
Does 28 divide 308?
True
Is 42 a factor of 7155?
False
Is 25 a factor of 8066?
False
Is 28 a factor of 3803?
False
Is 25 a factor of 25300?
True
Is 5097 a multiple of 12?
False
Does 7 divide 1266?
False
Is 30 a factor of 1830?
True
Is 138 a factor of 48025?
False
Does 38 divide 11818?
True
Does 191 divide 12322?
False
Does 21 divide 5096?
False
Is 27 a factor of 81891?
True
Is 1015 a multiple of 15?
False
Does 52 divide 260?
True
Is 1620 a multiple of 9?
True
Is 50516 a multiple of 159?
False
Is 29 a factor of 8901?
False
Is 13 a factor of 15213?
False
Does 59 divide 4012?
True
Is 561 a multiple of 51?
True
Does 10 divide 3292?
False
Does 3 divide 18169?
False
Is 122 a multiple of 29?
False
Is 9180 a multiple of 34?
True
Does 51 divide 3490?
False
Is 11 a factor of 9537?
True
Does 41 divide 41?
True
Does 14 divide 3360?
True
Is 48 a factor of 3481?
False
Is 427 a multiple of 13?
False
Is 130 a factor of 16615?
False
Is 1680 a multiple of 105?
True
Is 66 a factor of 1330?
False
Is 1728 a multiple of 36?
True
Is 13 a factor of 1412?
False
Does 7 divide 4825?
False
Is 5695 a multiple of 85?
True
Is 3474 a multiple of 19?
False
Does 12 divide 841?
False
Is 5491 a multiple of 11?
False
Is 29915 a multiple of 9?
False
Is 36568 a multiple of 140?
False
Does 9 divide 1134?
True
Does 38 divide 6954?
True
Does 12 divide 57574?
False
Is 2790 a multiple of 31?
True
Does 11 divide 35530?
True
Is 35 a factor of 9247?
False
Is 575 a multiple of 25?
True
Does 35 divide 2380?
True
Is 75 a factor of 16725?
True
Does 9 divide 171?
True
Is 10 a factor of 3136?
False
Is 694 a multiple of 59?
False
Does 103 divide 1030?
True
Is 516 a multiple of 43?
True
Is 1304 a multiple of 29?
False
Is 69 a factor of 31602?
True
Is 2337 a multiple of 41?
True
Is 17 a factor of 1275?
True
Is 37 a factor of 296?
True
Does 8 divide 226?
False
Is 90 a factor of 52112?
False
Does 19 divide 157117?
False
Is 1095 a multiple of 15?
True
Is 14278 a multiple of 22?
True
Is 90 a factor of 710?
False
Does 45 divide 19859?
False
Is 57 a factor of 811?
False
Is 1408 a multiple of 44?
True
Does 20 divide 9420?
True
Does 51 divide 1938?
True
Does 5 divide 247?
False
Is 8612 a multiple of 15?
False
Is 3340 a multiple of 22?
False
Is 7448 a multiple of 49?
True
Is 46 a factor of 10466?
False
Does 7 divide 1644?
False
Is 4 a factor of 1545?
False
Is 58 a factor of 174?
True
Is 690 a multiple of 6?
True
Is 43522 a multiple of 47?
True
Is 172 a factor of 8600?
True
Is 13 a factor of 585?
True
Is 3 a factor of 3596?
False
Is 55640 a multiple of 13?
True
Is 7872 a multiple of 16?
True
Is 57 a factor of 4845?
True
Is 4 a factor of 707?
False
Is 22 a factor of 53218?
True
Is 816 a multiple of 48?
True
Is 22 a factor of 836?
True
Does 25 divide 725?
True
Is 2 a factor of 2035?
False
Is 7 a factor of 168?
True
Is 13 a factor of 99?
False
Is 22 a factor of 24213?
False
Does 70 divide 707?
False
Is 65 a factor of 33842?
False
Is 42 a factor of 85?
False
Is 49 a factor of 882